ivided by r.
10
Calculate the remainder when 4 is divided by ((-5)/(-30))/(2/12).
0
Let i be (-31)/((-33)/(-12) + -3). Suppose -d - d + i = 3*n, -5*d - 20 = 0. What is the remainder when n is divided by 12?
8
Let n be ((-3)/9)/1*-9. Suppose -n*t - 5 = -8*t. Let f(q) = 9*q + 1. Calculate the remainder when 29 is divided by f(t).
9
Suppose 5*s + 4*p - 74 = 12, -32 = -2*s - 4*p. Calculate the remainder when 71 is divided by s.
17
Suppose -4*a + 0*a + 36 = 0. Let m = a + 0. Calculate the remainder when 34 is divided by m.
7
Let y(c) = 124*c + 4. Let g be y(3). Suppose -g = -3*l - l. What is the remainder when l is divided by 24?
22
Let a = -23 + 31. What is the remainder when a is divided by 3?
2
Let g be (-26)/7 - (-2)/(-7). Let x = -12 - -34. Calculate the remainder when (-1)/(-2)*g - -65 is divided by x.
19
Let l be (-425)/(-15) + 4/6. What is the remainder when 3/3*l*1 is divided by 10?
9
Let m(c) be the first derivative of c**4/4 + 7*c**3/3 - c**2 - 7*c - 1. Let b be m(-7). Let j = b - -9. Calculate the remainder when 47 is divided by j.
15
Suppose -2*m - 15 = m + 3*k, -4*m - k = 20. Let t(n) = n**3 + 6*n**2 + 6*n - 1. Let w be t(m). Let d = w - -12. What is the remainder when 10 is divided by d?
4
Let v(f) = f**3 + 15*f**2 + 14*f + 8. Let i be v(-14). Suppose n - i = -0*n. Suppose 0 = -4*r - 0*r + 124. What is the remainder when r is divided by n?
7
Suppose 2*j = 3*m - 19, -2*j = -4*m + 10 + 16. What is the remainder when (-98)/(-10) + (-3)/(-15) is divided by m?
3
Let o(j) = j**2 - 1. Let g(u) = 4*u**2 - 8. Let m(c) = g(c) - 3*o(c). Suppose -22 = -5*s + 3*s. Calculate the remainder when m(5) is divided by s.
9
Let v(u) = u**2 - 8*u - 1. Let i be v(6). Let c = -6 - i. Calculate the remainder when 13 is divided by c.
6
Let k(b) = -b**3 + 3*b**2 + 3*b + 2. Let r = 2 + 1. What is the remainder when k(r) is divided by 4?
3
Let r(w) = w**3 - 4*w**2 - 8*w. Suppose 4*n = 12 + 52. Suppose 3 = -s + n. Calculate the remainder when r(6) is divided by s.
11
Suppose 2*o = -4*c + 220, 0*o = 3*c - 4*o - 143. Let z = c + -28. What is the remainder when z is divided by 14?
11
Suppose -3*v + 1 = -5. Suppose -v*t - 28 = -6*t. What is the remainder when 20 is divided by t?
6
Suppose 4*j + 52 = -0*j. Let u = -4 - j. What is the remainder when 24 is divided by u?
6
Suppose -2*w + 0 = -y - 3, 3*w - 5 = 2*y. Suppose 3*n - 5 = w. Let i = 0 - -1. Calculate the remainder when n is divided by i.
0
Let p = -74 + 103. What is the remainder when p is divided by 8?
5
Suppose -6*h + 11*h = 115. Let n(c) = -c**3 + 8*c**2 + 4*c - 5. Calculate the remainder when n(5) is divided by h.
21
Let p = 133 + -106. What is the remainder when 51 is divided by p?
24
Let o = 18 - 9. Suppose o*m = 4*m + 85. Calculate the remainder when 31 is divided by m.
14
Suppose -c - b + 33 = 0, c + 5*b - 25 = -0*b. Calculate the remainder when c is divided by 18.
17
Suppose 24 = -o - 3*o. Let c = 10 - o. Suppose -5*y + c = -4*y. Calculate the remainder when y is divided by 6.
4
Suppose n + 744 = -2*n. Let r(o) = 4*o**2 + 3*o - 1. What is the remainder when r(-3) is divided by n/(-18) + (-4)/(-18)?
12
Let p be 0/1 - (-30)/(-5). Let a = 22 + p. Suppose 3*j - a = j. What is the remainder when 13 is divided by j?
5
Let d(n) be the second derivative of n**4/12 - n**3/2 + 3*n. Let p be (-3 - 9)*(-2)/4. Calculate the remainder when 52 is divided by d(p).
16
Let s = 20 + -15. Suppose -4*d + s*d - 8 = 0. Suppose 4*n + 2*j - 60 = 0, -2*n + 0*j = 5*j - 30. Calculate the remainder when n is divided by d.
7
Let t be -3 - (2 + -3 + -15). Let d(x) = x**2 - 11*x + 10. What is the remainder when d(t) is divided by 4/10 - (-93)/5?
17
Let n = 12 + -6. Let h(j) = -j**3 + 8*j**2 - 8*j - 6. What is the remainder when h(n) is divided by 10?
8
Let h(y) = 3*y + 12. What is the remainder when h(14) is divided by 19?
16
Let u be (0/2)/((-10)/5). Suppose 3*t + t - 24 = u. What is the remainder when 10 is divided by (t/(-8))/((-3)/12)?
1
Let c(w) = 4*w - 19. Calculate the remainder when 42 is divided by c(6).
2
Let q = -6 + 16. Calculate the remainder when 38 is divided by q.
8
Suppose -7 = -5*g + 3*d + 11, -d = 5*g - 14. Let p = 418 + -206. What is the remainder when 4/(-26) + p/26 is divided by g?
2
Let v(g) = 7*g. What is the remainder when 146 is divided by v(7)?
48
Let z(d) = -2*d - 13. Let a be z(-11). Let x(s) = -5*s**2 - 4*s - 3. Let g be x(a). Calculate the remainder when g/(-14) - 8/(-28) is divided by 17.
15
Let a be ((-3)/(-1))/((-7)/(-7)). Suppose o = -a*o + 236. Calculate the remainder when o is divided by 30.
29
Suppose 93 - 37 = 2*g. What is the remainder when g is divided by 17?
11
Let v(m) = m**2 - m - 5. What is the remainder when (-296)/(-6) + (-2)/6 is divided by v(-5)?
24
Let m = 11 - 9. Suppose 0 = -2*w - m*g + 114, 5*g = -7 + 2. Calculate the remainder when w is divided by 15.
13
Let j = 151 + -69. What is the remainder when j is divided by 17?
14
Let f(b) = b**3 + 18*b**2 + 30*b + 12. Calculate the remainder when 168 is divided by f(-16).
36
Suppose 0 = -2*q - 3*q + 10, -g - 4*q + 28 = 0. Suppose 5*x - g = 0, 5*x - 14 = -k + 9. What is the remainder when 0 - 2/1*-2 is divided by k?
1
Suppose 0 = 2*i - 130 + 28. Suppose -5*p + i + 19 = 0. Let o(n) = 3*n + 2. Calculate the remainder when p is divided by o(2).
6
Let i = 28 + 9. Calculate the remainder when i is divided by 20.
17
Suppose 17*i - 165 = 14*i. What is the remainder when i is divided by 19?
17
Suppose 2*o - o - 4 = 0. Let a(v) = -v**2. Let q be a(4). What is the remainder when o is divided by 4/q - 13/(-4)?
1
Let x be (-4)/(-14) + (-37)/7. Let u(b) = -b - 3. Let t be u(x). Calculate the remainder when 93/t - 2/(-4) is divided by 16.
15
Suppose 3*l - 102 = -3*c, 0*l - c - 68 = -2*l. Let h be (-3)/6 - 38/(-4). Suppose 0 = 2*y - y - h. Calculate the remainder when l is divided by y.
7
Suppose 16 = 3*b + b. Let i(x) = -x + 1. Let s be i(-1). Calculate the remainder when b is divided by s + 0/((-9)/3).
0
Let w(n) = -2*n - 2. Let k be w(1). What is the remainder when 24 is divided by k/26 - (-714)/78?
6
Suppose 3*n - 5*w = 24, 3*w + w = -n - 9. Let m(k) = k**2 + 8 + 2*k**3 + 0 - n*k**3. What is the remainder when 15 is divided by m(0)?
7
Let h(w) be the second derivative of w**3/2 - 4*w**2 + 3*w. What is the remainder when h(7) is divided by 7?
6
Let p be 1 + 1019 - 0/6. What is the remainder when 45 is divided by ((-4)/(-10))/(17/p)?
21
Let y(m) = 3*m**2 + 7*m + 16. Let d(o) = o**2 + o + 1. Let u(v) = 4*d(v) - y(v). Calculate the remainder when u(-6) is divided by 15.
12
Let j = 18 - 2. Suppose 0 = 2*v - 46 + j. Calculate the remainder when 29 is divided by 20/v*15/2.
9
Let j(r) = -r**2 - r + 29. What is the remainder when 84 is divided by j(0)?
26
Let t(i) = -i**3 + 10*i**2 + 16*i - 13. Let p be 2/10 + (-54)/(-5). Calculate the remainder when t(p) is divided by 11.
9
Let m = 16 + 10. Calculate the remainder when m is divided by 7.
5
Let i be (-192)/40*100/(-6). Suppose 3*b - 14 - 10 = 0. What is the remainder when 1/8 - (-2470)/i is divided by b?
7
Let t(n) = -n**3 + 5*n**2 + 5*n - 4. Calculate the remainder when t(3) is divided by 11.
7
Let w = -153 - -295. Calculate the remainder when w is divided by 18.
16
Let n = -1 - -6. Suppose 30 = k + 5*z, -4*z = z + n. Suppose 2*t - 44 = -5*x, -3*x + 2*x = -2*t + 20. Calculate the remainder when k is divided by t.
11
Let y be 0/3*(2 - 1). Suppose y = w + 2, -3*k + k + 3*w = -80. What is the remainder when k is divided by 19?
18
Let w = -26 - -114. Calculate the remainder when w is divided by 9.
7
Suppose 0 = g - 9*g + 456. Let k = 4 + 11. What is the remainder when g is divided by k?
12
Let o(y) = -2*y - 3. Let w be o(-4). Suppose 4*i = w*i. Suppose i = -3*j + j + 32. What is the remainder when 61 is divided by j?
13
Let g(p) = -p**2 - 8*p + 5. Let j(f) = -2*f + 6. Let r be j(7). What is the remainder when 8 is divided by g(r)?
3
Let j = -9 - 2. Let c = -17 - j. Let f(t) = -3*t - 4. Calculate the remainder when 40 is divided by f(c).
12
What is the remainder when -27 - -29 - (0 - 0 - 39) is divided by 11?
8
Let s(z) = 2*z**2 + z - 1. Let r be s(-7). Suppose -5*f + 3*l + r = 0, 2*f + 36 = 4*f - 3*l. What is the remainder when 34 is divided by f?
16
Suppose -3*b + 6*b - 15 = 0. Suppose 3*l - b*f = 5, 0 = 2